e the remainder when 269806 is divided by 16.
14
Calculate the remainder when 1452 is divided by 209.
198
Calculate the remainder when 32447 is divided by 37.
35
Calculate the remainder when 2567302 is divided by 24.
22
What is the remainder when 47400 is divided by 113?
53
What is the remainder when 4510 is divided by 1134?
1108
Calculate the remainder when 36179 is divided by 11778.
845
Calculate the remainder when 22522 is divided by 425.
422
Calculate the remainder when 29711 is divided by 177.
152
Calculate the remainder when 39589 is divided by 137.
133
What is the remainder when 40342 is divided by 20142?
58
What is the remainder when 57053 is divided by 514?
513
What is the remainder when 14019 is divided by 260?
239
What is the remainder when 3369 is divided by 835?
29
What is the remainder when 232907 is divided by 1213?
11
Calculate the remainder when 38140 is divided by 6353.
22
Calculate the remainder when 260931 is divided by 213.
6
Calculate the remainder when 63398 is divided by 21.
20
Calculate the remainder when 69192 is divided by 1331.
1311
What is the remainder when 2685 is divided by 1745?
940
Calculate the remainder when 16420 is divided by 5172.
904
Calculate the remainder when 201770 is divided by 342.
332
What is the remainder when 3300 is divided by 421?
353
What is the remainder when 93987 is divided by 93875?
112
Calculate the remainder when 74986 is divided by 1785.
16
What is the remainder when 753 is divided by 334?
85
Calculate the remainder when 14710 is divided by 45.
40
What is the remainder when 38603 is divided by 320?
203
What is the remainder when 986 is divided by 180?
86
Calculate the remainder when 409 is divided by 34.
1
Calculate the remainder when 192410 is divided by 361.
358
Calculate the remainder when 55564 is divided by 11111.
9
What is the remainder when 9134 is divided by 4564?
6
What is the remainder when 1460878 is divided by 521?
515
Calculate the remainder when 755890 is divided by 251957.
19
Calculate the remainder when 2119736 is divided by 686.
682
What is the remainder when 10336 is divided by 923?
183
Calculate the remainder when 12862 is divided by 97.
58
Calculate the remainder when 111468 is divided by 37156.
0
Calculate the remainder when 34768 is divided by 4965.
13
What is the remainder when 1033 is divided by 245?
53
What is the remainder when 4954 is divided by 832?
794
What is the remainder when 24652 is divided by 4108?
4
What is the remainder when 15996 is divided by 64?
60
Calculate the remainder when 1385 is divided by 960.
425
Calculate the remainder when 48086 is divided by 36.
26
Calculate the remainder when 1107 is divided by 233.
175
What is the remainder when 23482 is divided by 27?
19
What is the remainder when 264472 is divided by 13?
0
What is the remainder when 20227 is divided by 2528?
3
Calculate the remainder when 22410 is divided by 241.
238
Calculate the remainder when 16584 is divided by 16483.
101
What is the remainder when 82493 is divided by 552?
245
Calculate the remainder when 129146 is divided by 37.
16
Calculate the remainder when 13739 is divided by 1191.
638
Calculate the remainder when 809 is divided by 33.
17
Calculate the remainder when 15448 is divided by 2372.
1216
Calculate the remainder when 36984 is divided by 13.
12
What is the remainder when 28920 is divided by 68?
20
Calculate the remainder when 376118 is divided by 188049.
20
Calculate the remainder when 174613 is divided by 46.
43
What is the remainder when 440375 is divided by 8?
7
What is the remainder when 68750 is divided by 104?
6
What is the remainder when 2480 is divided by 9?
5
Calculate the remainder when 17641 is divided by 983.
930
What is the remainder when 1259187 is divided by 62959?
7
Calculate the remainder when 1268 is divided by 424.
420
Calculate the remainder when 33680 is divided by 1091.
950
Calculate the remainder when 306301 is divided by 6517.
2
Calculate the remainder when 1684 is divided by 172.
136
What is the remainder when 25462 is divided by 822?
802
What is the remainder when 567031 is divided by 567021?
10
Calculate the remainder when 495645 is divided by 72.
69
Calculate the remainder when 278 is divided by 157.
121
Calculate the remainder when 2037 is divided by 333.
39
Calculate the remainder when 2568 is divided by 477.
183
Calculate the remainder when 15448 is divided by 38.
20
What is the remainder when 16313 is divided by 340?
333
Calculate the remainder when 60487 is divided by 41.
12
What is the remainder when 1166 is divided by 172?
134
Calculate the remainder when 255264 is divided by 451.
449
What is the remainder when 810196 is divided by 38?
36
What is the remainder when 77448 is divided by 289?
285
What is the remainder when 25088 is divided by 33?
8
What is the remainder when 26674 is divided by 5?
4
Calculate the remainder when 7274 is divided by 2295.
389
What is the remainder when 131285 is divided by 43729?
98
What is the remainder when 26897 is divided by 124?
113
Calculate the remainder when 461965 is divided by 135.
130
What is the remainder when 1001 is divided by 327?
20
What is the remainder when 768879 is divided by 37?
19
What is the remainder when 7029 is divided by 1159?
75
Calculate the remainder when 156 is divided by 98.
58
What is the remainder when 403630 is divided by 144?
142
Calculate the remainder when 10254 is divided by 732.
6
What is the remainder when 167074 is divided by 23864?
26
What is the remainder when 72709 is divided by 103?
94
Calculate the remainder when 382422 is divided by 14.
12
Calculate the remainder when 16758 is divided by 685.
318
Calculate the remainder when 6666 is divided by 6648.
18
What is the remainder when 617258 is divided by 17146?
2
Calculate the remainder when 916 is divided by 672.
244
Calculate the remainder when 4954 is divided by 121.
114
What is the remainder when 27542 is divided by 98?
4
What is the remainder when 1070964 is divided by 17?
15
What is the remainder when 3441 is divided by 1133?
42
What is the remainder when 380747 is divided by 594?
587
Calculate the remainder when 16749 is divided by 3338.
59
Calculate the remainder when 11218589 is divided by 154.
151
Calculate the remainder when 234354 is divided by 573.
570
Calculate the remainder when 30876 is divided by 1618.
134
What is the remainder when 61142 is divided by 18?
14
What is the remainder when 700 is divided by 62?
18
What is the remainder when 37842 is divided by 29?
26
Calculate the remainder when 1019 is divided by 34.
33
What is the remainder when 265104 is divided by 2432?
16
Calculate the remainder when 491469 is divided by 163798.
75
Calculate the remainder when 458489 is divided by 310.
309
What is the remainder when 3430 is divided by 201?
13
Calculate the remainder when 2243 is divided by 70.
3
What is the remainder when 44767 is divided by 23?
9
Calculate the remainder when 11887 is divided by 16.
15
Calculate the remainder when 34519 is divided by 34388.
131
Calculate the remainder when 719 is divided by 35.
19
Calculate the remainder when 3676 is divided by 612.
4
Calculate the remainder when 416735 is divided by 206.
203
What is the remainder when 37466 is divided by 38?
36
What is the remainder when 15335 is divided by 62?
21
What is the remainder when 1586 is divided by 329?
270
Calculate the remainder when 8988559 is divided by 52.
47
What is the remainder when 1391748 is divided by 1917?
6
Calculate the remainder when 24556 is divided by 10.
6
What is the remainder when 190309 is divided by 73?
71
What is the remainder when 7469 is divided by 772?
521
Calculate the remainder when 808039 is divided by 76.
7
What is the remainder when 27202 is divided by 306?
274
What is the remainder when 1013336 is divided by 15?
11
Calculate the remainder when 814097 is divided by 51.
35
Calculate the remainder when 28801 is divided by 310.
281
Calculate the remainder when 6829 is divided by 3414.
1
What is the remainder when 8475 is divided by 2151?
2022
What is the remainder when 5652553 is divided by 14?
11
Calculate the remainder when 14500 is divided by 289.
50
What is the remainder when 97816 is divided by 23?
20
What is the remainder when 32960 is divided by 523?
11
Calculate the remainde